 4*k + 4 = d. What is the units digit of w?
6
Let j = 15 - 16. Let l(n) = n**2 + 6*n - 1. Let s be l(-3). Let d = j - s. What is the units digit of d?
9
Let k = 2042 - -12100. What is the units digit of k?
2
Suppose -8475 = 15*l - 51360. What is the hundreds digit of l?
8
Let q = -12191 + 17330. What is the thousands digit of q?
5
Let q(t) = t**3 - 19*t**2 + 308*t - 2. What is the units digit of q(27)?
6
Let z be (-20)/170 - (-4082)/17. Suppose -6*u = -3*u - 4*p - 360, z = 2*u - p. What is the hundreds digit of u?
1
Let x = 128 + 895. Suppose -z - x = -5*r, -4*z + z = -r + 213. What is the hundreds digit of r?
2
What is the hundreds digit of (-22 - 8)/6 - (-8201 - 0)?
1
Let w(v) = -82*v + 12. Let u = -25 + 22. Let f be w(u). Suppose 22*h + f = 25*h. What is the tens digit of h?
8
Let s = -15611 - -27565. What is the hundreds digit of s?
9
Let y(t) = -697*t - 1034. What is the thousands digit of y(-6)?
3
Let z(b) = 2*b + 16. Let u = -5 - 15. Let x be z(u). What is the tens digit of ((-29)/9 - 8/(-36))*x?
7
Let l(n) = -n**2 + 11*n - 20. Let t be l(5). Let r be 0*(0 + 5/t). Let a(k) = -2*k**2 + 119. What is the hundreds digit of a(r)?
1
Suppose 4*x - 5*i = -2609 + 27243, -12314 = -2*x + 4*i. What is the tens digit of x?
6
Suppose -16 = 4*b, -b - 29 = 3*u + b. Let f be (u + 1)*((-7)/(-2) + -3). What is the units digit of ((-248)/6)/(2/f)?
2
Let k = 33 - 30. Let w be -4 - (-1 + -72) - k. Suppose 0 = 4*y - w - 278. What is the units digit of y?
6
Let w = -14243 + 23823. What is the tens digit of w?
8
Let a(r) = 2*r - 33. Let i be a(19). Suppose 2*t - 4*g - 2 = -8, 0 = i*t + g - 29. Suppose t*m + 25 = 0, -2*m = 5*w - m - 510. What is the tens digit of w?
0
Let f(x) = -2*x. Let t be f(-1). Let l = -617 - -615. What is the units digit of (3 - (-196)/(t/1)) + l?
9
Let m = -7978 + 9338. What is the hundreds digit of m?
3
Let c(z) = -z**3 + z**2 - 3*z + 13. Let m be 2 + 110/(-25) - (-2)/5. Let l(f) = 1. Let o(j) = m*l(j) - c(j). What is the tens digit of o(4)?
4
Let d(z) = -1124*z + 4. Let c be d(-1). What is the units digit of (-28450)/(-22) - (13 - c/88)?
3
Suppose -5*n + 112 = 877. Let j = -1119 + 882. Let i = n - j. What is the tens digit of i?
8
Suppose -3*g + 30 = -5*q, -2*g - 5*q + 0 = 5. Suppose -5*t + 5*a + 25 + g = 0, 2*a + 4 = 0. Suppose -t*p + 234 + 26 = 0. What is the tens digit of p?
6
Suppose -3075 = -5*x + 2*y - 7*y, -5*y + 15 = 0. Let s = x - 354. What is the hundreds digit of s?
2
Suppose -16*i = -13*i. Let o(s) = 6*s**2 - 9*s + 198. Let q(g) = -7*g**2 + 11*g - 197. Let k(f) = 5*o(f) + 4*q(f). What is the hundreds digit of k(i)?
2
What is the hundreds digit of 32*(-16)/(-64) - -3855?
8
Suppose 5*a = -70 - 10. Let k(f) = -3*f - 33. Let o be k(a). Let p = o - -42. What is the tens digit of p?
5
Suppose 10*l - 5827 = 10363. Suppose 0 = 2*s - 2*g - 1430, -2*s + 5*g + l - 183 = 0. What is the tens digit of s?
1
Let h be -8 + (9 + -8)*8. Let o(x) = 16*x + 304. What is the tens digit of o(h)?
0
Let i = -1672 - -1915. Suppose 4*b - 5*a - 695 = 0, -a = 2*b + 2*a - 331. Let d = i - b. What is the units digit of d?
3
Let h be ((-60040)/(-532))/((-2)/(-14)). Let k = h - 322. What is the tens digit of k?
6
Let y be 3414/42 + (-4)/14. What is the units digit of -18*y/(-13) + (-30)/195?
2
Suppose 4444357 + 10664057 = 232*q + 2321502. What is the thousands digit of q?
5
Let w = 154 + -154. Suppose w = -3*o + 342 + 1191. What is the hundreds digit of o?
5
Let n(t) = 9*t**3 - 7*t + 10. Let i(l) = 17*l**3 + l**2 - 14*l + 19. Let m(f) = 3*i(f) - 5*n(f). What is the tens digit of m(5)?
9
Let y = 8427 + -5447. What is the units digit of y?
0
Suppose -3*j + 0*h = -5*h - 166, -h + 154 = 3*j. Suppose 2*m + 0 = 4*a + 16, -5*m = 2*a - j. Suppose -m*n + 8*n = -130. What is the tens digit of n?
6
Let l(i) be the second derivative of -i**5/20 - 11*i**4/6 + 13*i**3/6 - 27*i**2/2 - 2*i - 25. What is the tens digit of l(-23)?
0
Suppose -2*y = l + 95, -2*y - 40 = -5*l + 85. Let w be y/(-20) + (-82)/4. What is the hundreds digit of (555/w*2)/(1/(-3))?
1
Let p(b) = 41*b - 100. Let y be p(15). Suppose -2*u + 1000 = -5*h, -5*h + y = 3*u - 960. What is the hundreds digit of u?
4
Let q be 15/45 + 28/(-3). Let x be (51/q + 4)*-6. Suppose 7*s = x*s - 153. What is the tens digit of s?
5
Let z(t) = 6*t + 94. Let g be (8 - 1) + 357/(-17). What is the units digit of z(g)?
0
Suppose 10922 = 2*x + 3*r, -10*r = -5*x - 13*r + 27278. What is the units digit of x?
2
Suppose 3434*j = 3440*j - 109530. What is the thousands digit of j?
8
Let c = 5749 + 2805. What is the tens digit of c?
5
What is the tens digit of ((-18)/4)/((-311)/2305754)?
6
Let l = 17739 - 6638. What is the thousands digit of l?
1
Suppose -9*m + 20 = -13*m. What is the hundreds digit of ((-31)/m*5)/((-2)/(-66))?
0
Suppose 5*w - 21 = 2*w - 3*k, -2*w + 14 = -5*k. Suppose -w*v - 1240 = v. Let p = -106 - v. What is the units digit of p?
9
Let x = -3613 + 13111. Suppose 0 = -4*r, -r - x = -7*v + 680. What is the units digit of v?
4
Suppose 79*v + 207*v - 3038849 = 59*v. What is the ten thousands digit of v?
1
Let b = 64477 - 40432. What is the ten thousands digit of b?
2
Suppose 0 = 5*h - 9*h - c + 152939, -5*c + 229433 = 6*h. What is the tens digit of h?
3
Let u = -6 + 9. Suppose 2*i = -i + u. What is the units digit of (-2)/(-2)*i + 7?
8
Suppose -k - 3*k + 2*i - 26 = 0, 29 = -4*k + 5*i. Let g be 128/4 - 4/((-8)/k). Suppose -2*d + 245 = g. What is the hundreds digit of d?
1
Let k = -46847 - -102535. What is the units digit of k?
8
Let r = 118 + -200. Let w = -71 - r. Suppose 16*p - w*p = 1010. What is the hundreds digit of p?
2
Let c = -3791 - -4632. What is the hundreds digit of c?
8
Let w(t) = t**2 - 12*t + 110. Let v be 120/(30/6) - -4. What is the hundreds digit of w(v)?
5
What is the ten thousands digit of (-304512)/(-21) - (-710)/497?
1
Let q(d) = d**2 - 3*d + 14. Suppose 0 = 4*x - 16, -5*b + x - 23 = 4*x. Let o be q(b). Let m = o - -6. What is the units digit of m?
0
Let w be ((-2)/(-4))/((-4)/(-32)). Let c be 1/w + 2/(-8). Suppose 4*t - 7*t + 381 = c. What is the units digit of t?
7
Suppose -197948 = 10*h - 27*h. What is the hundreds digit of h?
6
Let t be ((-40)/(-32))/(8/(-480)). Suppose -5*v = 145 - 1020. Let r = t + v. What is the hundreds digit of r?
1
What is the units digit of ((-50)/(4500/765))/((-2)/10244)?
7
Let s(k) = 2*k - 42. Let l be s(21). Suppose 3*f + 2*z + l*z - 318 = 0, 0 = f + 4*z - 96. What is the tens digit of f?
0
Let y(c) = -2*c**3 + 43*c**2 + 21*c + 12. Let i be y(22). Let m(a) = -37*a + 2. What is the hundreds digit of m(i)?
3
Let p = 4160 - -88. What is the thousands digit of p?
4
Suppose 4*i + 6*i = 70. Suppose 6*b = 41 + i. Suppose -b*l + 514 = -118. What is the units digit of l?
9
What is the hundreds digit of (-2)/((-63381069)/9179163 + (-4)/42 - -7)?
1
Suppose -3*c + w = -12 - 0, -4*w = 12. Suppose -a = 4*i - 364, 0 = -2*i + 5 - c. What is the hundreds digit of a?
3
Suppose -3*r = 6, -2539 = 4*k + 3*r - 7081. Suppose 0 = 3*q - k - 852. What is the tens digit of q?
6
Let b = 1176 + 1349. What is the hundreds digit of b?
5
Suppose -4*y = -3*z + 5*z - 9550, 6 = -2*z. What is the hundreds digit of y?
3
Suppose 0 = -3*l - 4*j + 331, -4*l = -4*j - 363 - 125. Let m = l - 10. Suppose -3*x + 185 = 4*g + 57, -3*g - 5*x = -m. What is the units digit of g?
9
What is the ten thousands digit of (-10588)/(-2)*1378/212?
3
Let m(a) = -6*a**2 - 57*a + 19. Let h be m(-41). What is the hundreds digit of (-2 + 72/30)/((-4)/h)?
7
Let s(w) = 251*w + 82. Suppose -3*g + 10 = -i, 45 - 5 = 3*i + 5*g. What is the tens digit of s(i)?
3
Suppose 3*v - 2*c - 55 = -c, -50 = -2*v - 2*c. Suppose 11*u = 14*u + 5*f - 505, 0 = 5*f + v. What is the units digit of u?
5
Let s = -2751 + 2914. What is the units digit of s?
3
Let q(s) = -s**2 - 12*s - 6. Let i be q(-11). Suppose -n + m - 13 = -m, 0 = -2*n - 3*m - i. Let z(d) = d**3 + 8*d**2 - 7*d - 10. What is the tens digit of z(n)?
8
Suppose -2*h = -55*w + 53*w - 17732, 44310 = 5*h - w. Suppose h - 75805 = -32*q. What is the units digit of q?
2
Let h = 1901 + 1783. Suppose -56 - h = -4*k. What is the units digit of k?
5
Suppose 0 = 2*p + 3*g - 8, -6*g + 4 = 28. Suppose 6382 = p*c - 7098. What is the tens digit of c?
4
Let s(y) = 5*y**2 - 10*y + 427. What is the hundreds di